se 6, what is 224431 - 1?
224430
In base 5, what is -14 + -10223231?
-10223300
In base 16, what is a9 + -1c3?
-11a
In base 12, what is 222b36 + -1?
222b35
In base 15, what is -4 - -be84?
be80
In base 15, what is -134 + 75c?
628
In base 7, what is -11 + -44354?
-44365
In base 4, what is -322102 - 13?
-322121
In base 3, what is -121 - -12220201?
12220010
In base 10, what is 1851 + 20?
1871
In base 6, what is 1505433 - -12?
1505445
In base 12, what is -17911 - 12?
-17923
In base 9, what is 513507 + 2?
513510
In base 2, what is -1011100 - -111111010?
110011110
In base 16, what is 6675 + 5d?
66d2
In base 12, what is -9 + -21a5?
-21b2
In base 12, what is b4 - -271?
365
In base 3, what is 1121120 + -1220?
1112200
In base 6, what is -11 + -20150?
-20201
In base 3, what is -20111022 + 1201?
-20102121
In base 5, what is -34430 - 214?
-40144
In base 16, what is 1302 + 41?
1343
In base 13, what is -8 - -9514?
9509
In base 12, what is -47651 - 3?
-47654
In base 12, what is -5 + -9793?
-9798
In base 11, what is 28 - -96?
113
In base 5, what is -2124 + -40431?
-43110
In base 3, what is 0 + 222002011?
222002011
In base 10, what is 7 + -165445?
-165438
In base 4, what is 10 + 1010022?
1010032
In base 9, what is 2178 + -21?
2157
In base 16, what is -5 + -179b?
-17a0
In base 8, what is 5 + 115057?
115064
In base 9, what is 5 - 20340?
-20334
In base 11, what is 64667 + 5?
64671
In base 10, what is 40752 + 10?
40762
In base 4, what is 121102 + -20201?
100301
In base 7, what is -112122 + 24?
-112065
In base 14, what is 7d + b22?
ba1
In base 3, what is 1121020101 - 2?
1121020022
In base 3, what is -22100 - -1012211?
220111
In base 9, what is 6 + 124875?
124882
In base 3, what is 0 + 2201210210101?
2201210210101
In base 3, what is -2 - -12100200?
12100121
In base 9, what is -5 + 231077?
231072
In base 10, what is -17 - -116053?
116036
In base 4, what is 232121 - -111?
232232
In base 4, what is 22300323 - -2?
22300331
In base 3, what is 22100 + -200122201?
-200100101
In base 7, what is -1402 - -411?
-661
In base 4, what is -11 + -1213022?
-1213033
In base 9, what is -1616 - 1827?
-3544
In base 8, what is 6413633 - 4?
6413627
In base 5, what is -2031411 + -213?
-2032124
In base 9, what is 17602 + -187?
17404
In base 8, what is 13 - 101112?
-101077
In base 9, what is -1533 - -626?
-806
In base 7, what is -402244 - 0?
-402244
In base 15, what is -85 - 132b?
-13b1
In base 6, what is 30343 - 11431?
14512
In base 5, what is 21441 + -100?
21341
In base 3, what is -2002 - 20100?
-22102
In base 3, what is -11001101011 + -10?
-11001101021
In base 7, what is 206455 - -3?
206461
In base 14, what is -139 + -855?
-990
In base 4, what is 2010 - 1001?
1003
In base 8, what is 34202 + 367?
34571
In base 16, what is -3ad + 643?
296
In base 2, what is 10101001101000111 + 0?
10101001101000111
In base 11, what is 42 + -103?
-71
In base 12, what is 37 - a759?
-a722
In base 16, what is 598 + -3c?
55c
In base 4, what is -112120 + -2311?
-121031
In base 2, what is -1011110101111000100000 + 0?
-1011110101111000100000
In base 9, what is -12842 + 3?
-12838
In base 4, what is -2103 + 122?
-1321
In base 6, what is 125 + -1105450?
-1105321
In base 3, what is 21102 - 1001101?
-202222
In base 13, what is 108 - -20a7?
21b2
In base 9, what is -1 - 25072?
-25073
In base 16, what is -e + -e2b?
-e39
In base 3, what is -1012022210 + -12?
-1012022222
In base 6, what is -53 + 243?
150
In base 6, what is -241053 + -14?
-241111
In base 6, what is 4 - 20403352?
-20403344
In base 16, what is -1290 - -305?
-f8b
In base 10, what is -6914 - -25?
-6889
In base 14, what is -3 - 2002a?
-2002d
In base 5, what is -1 + 101140230?
101140224
In base 11, what is -10610 - 18?
-10628
In base 7, what is -232 - -62600?
62335
In base 10, what is 5 - 234941?
-234936
In base 7, what is -404 + -130?
-534
In base 11, what is 2a3a20a - 1?
2a3a209
In base 11, what is -5 - 3375a1?
-3375a6
In base 4, what is -1311 + 211?
-1100
In base 8, what is 1131530 + 0?
1131530
In base 4, what is -20 + -20222202?
-20222222
In base 9, what is -2868 - -67?
-2801
In base 9, what is -16661 + 35?
-16625
In base 5, what is 13 - 2013023?
-2013010
In base 9, what is -47 + 2766?
2718
In base 9, what is -5 - 24377?
-24383
In base 5, what is 300312 - -4?
300321
In base 15, what is 9 + -128?
-11e
In base 11, what is 9 - -4347a?
43488
In base 7, what is 63456 + 121?
63610
In base 6, what is -503115 + 2?
-503113
In base 4, what is 312001310 + 11?
312001321
In base 11, what is 29 + 12173?
121a1
In base 12, what is -207 - -10?
-1b7
In base 13, what is 130584a - -5?
1305852
In base 3, what is 10 + 102210021001?
102210021011
In base 5, what is -14110211 + 4?
-14110202
In base 9, what is 1474 + -173?
1301
In base 9, what is -12343 + -23?
-12366
In base 4, what is -3 - 1230031112?
-1230031121
In base 13, what is -30 + 212c?
20cc
In base 14, what is 30865 - -2?
30867
In base 11, what is 4114 + -4?
4110
In base 2, what is -101110110000001011 + -11?
-101110110000001110
In base 3, what is 12 + -1012222002?
-1012221220
In base 8, what is 5 - 16037?
-16032
In base 4, what is 2111001031 + 23?
2111001120
In base 3, what is -12221001011 - 10?
-12221001021
In base 9, what is 23 - 167327?
-167304
In base 6, what is 35 + 1133?
1212
In base 10, what is -4 + -58450?
-58454
In base 4, what is 1111303 + -1023?
1110220
In base 11, what is -516 + 44?
-482
In base 10, what is 698268 + 2?
698270
In base 16, what is 3 - -2c81?
2c84
In base 4, what is 3 - 1302001?
-1301332
In base 3, what is -120000012021 + -2?
-120000012100
In base 9, what is 245 - -1623?
1868
In base 13, what is 0 - -2058?
2058
In base 10, what is -362 + 7431?
7069
In base 7, what is 55405 + 100?
55505
In base 16, what is 14e9 + 9?
14f2
In base 11, what is -12 - -58587?
58575
In base 9, what is -2 + 17428?
17426
In base 6, what is 555541 + 3?
555544
In base 12, what is -2222 + 9?
-2215
In base 7, what is 35534 - 3?
35531
In base 3, what is 1 - -1001021002?
1001021010
In base 7, what is -15 + -4322?
-4340
In base 9, what is -32 - 5671?
-5713
In base 12, what is -12aa2 - 3?
-12aa5
In base 16, what is -3 - 3c09?
-3c0c
In base 9, what is -1023 + -50?
-1073
In base 3, what is 1200212101 - 12?
1200212012
In base 4, what is -11021301 - -2?
-11021233
In base 4, what is 312221311 + -2?
312221303
In base 13, what is 8a2 - 1?
8a1
In base 8, what is 2 + -26162?
-26160
In base 5, what is 2330 - -141414?
144244
In base 9, what is -2 - 24183?
-24185
In base 14, what is 2 - -747?
749
In base 4, what is -202303101 - -1?
-202303100
In base 10, what is 10147 + -11?
10136
In base 16, what is 4aa - 1?
4a9
In base 14, what is 7ad17 - -4?
7ad1b
In base 11, what is -10 - 2493?
-24a3
In base 13, what is -1b8727 - -1?
-1b8726
In base 9, what is -2114016 + 0?
-2114016
In base 10, what is 657 + -54?
603
In base 12, what is -4 + -b713?
-b717
In base 4, what is -320001310 - 11?
-320001321
In base 11, what is -10873a - -2?
-108738
In base 8, what is -5 - -35072?
35065
In base 8, what is 0 - -621626?
621626
In base 7, what is 1531 + -42?
1456
In base 14, what is 444 - -3a?
480
In base 2, what is -1100111011 + -110101100?
-10011100111
In base 14, what is 3 + 37d3?
37d6
In base 15, what is -16 + -5c00?
-5c16
In base 5, what is -33 + -11221?
-11304
In base 2, what is -11010100111100 - 110001?
-11010101101101
In base 14, what is 10a29d - 3?
10a29a
In base 11, what is 8 + 444a?
4457
In base 14, what is -c736 + 46?
-c6d0
In base 10, what is 130 - 64396?
-64266
In base 9, what is 582323 + 0?
582323
In base 16, what is 0 + -24ae?
-24ae
In base 14, what is -262a - 0?
-262a
In base 10, what is 61 + -757?
-696
In base 14, what is 324 + -104?
220
In base 7, what is 4553 + -4346?
204
In base 4, what is 33012 + 31?
33103
In base 6, what is 330 - 14?
312
In base 12, what is -3158 + 17?
-3141
In base 15, what is 28 + -7d99?
-7d71
In base 5, what is -11142 - -140?
-11002
In base 15, what is 2eac + b?
2eb8
In base 8, what is -760107 + -1?
-760110
In base 11, what is -236 - 158?
-393
In base 15, what is 5 - 8698?
-8693
In base 14, what is 0 + -471a?
-471a
In base 6, what is 422512 - -3?
422515
In base 5, what is 21 - -21023?
21044
In base 11, what is -630 - 14?
-644
In base 15, what is 2 + 2ca3?
2ca5
In base 8, what is -2 - -201035?
201033
In base 2, what is -1100110